{"id":466,"date":"2019-03-26T09:02:44","date_gmt":"2019-03-26T09:02:44","guid":{"rendered":"https:\/\/www.rabattcorner.ch\/cashback\/?page_id=466"},"modified":"2026-02-03T14:14:22","modified_gmt":"2026-02-03T14:14:22","slug":"allgemeine-geschaftsbedingungen","status":"publish","type":"page","link":"https:\/\/www.rabattcorner.ch\/cashback\/allgemeine-geschaftsbedingungen\/","title":{"rendered":"Allgemeine Gesch\u00e4fts- bedingungen"},"content":{"rendered":"\n<h2 class=\"wp-block-heading\">1. Geltungsbereich<\/h2>\n\n\n\n<p>Diese allgemeinen Gesch\u00e4ftsbedingungen (\u201eAGB\u201c) gelten f\u00fcr die Nutzung der von Rabattcorner AG, Lessingstrasse 11, 8002 Z\u00fcrich (\u201eRabattcorner\u201c) betriebene Rabattcorner.ch Plattform.<\/p>\n\n\n\n<h2 class=\"wp-block-heading\">2. Teilnahme am Rabattcorner-Programm<\/h2>\n\n\n\n<p><strong>2.1&nbsp;<\/strong>Am Rabattcorner-Programm k\u00f6nnen Personen teilnehmen, die sich hierf\u00fcr auf der Website rabattcorner.ch registriert haben (\u201eTeilnehmer\u201c). Zur Registrierung berechtigt ist jede nat\u00fcrliche Person, die mindestens beschr\u00e4nkt handlungsf\u00e4hig ist, sowie Personenvereinigungen und juristische Personen. Die Registrierung kann nur online erfolgen.<\/p>\n\n\n\n<p><strong>2.2&nbsp;<\/strong>Sobald sich der Teilnehmer registriert hat, wird auf Rabattcorner ein personifiziertes Benutzerkonto erstellt. Das Benutzerkonto wird f\u00fcr alle Teilnehmer kostenlos gef\u00fchrt. Mit der Registrierung und Erstellung eines Benutzerkontos kommt der Vertrag zwischen dem Teilnehmer und Rabattcorner zustande.<\/p>\n\n\n\n<p><strong>2.3&nbsp;<\/strong>Bei der Registrierung ist der Teilnehmer zu wahrheitsgetreuen Angaben verpflichtet. \u00c4nderungen zu den \u00fcbermittelten Angaben sind Rabattcorner umgehend mitzuteilen. Kommt der Teilnehmer dieser Verpflichtung nicht nach, hat er s\u00e4mtliche f\u00fcr ihn hieraus entstehenden Nachteile selber zu tragen.<\/p>\n\n\n\n<p><strong>2.4&nbsp;<\/strong>Rabattcorner kann die Registrierung eines Teilnehmers ohne Begr\u00fcndung ablehnen.<\/p>\n\n\n\n<h2 class=\"wp-block-heading\">3. Gew\u00e4hr von Cashback<\/h2>\n\n\n\n<p><strong>3.1<\/strong> Mit der Teilnahme am Rabattcorner-Programm erh\u00e4lt der Teilnehmer die M\u00f6glichkeit, Cashback auf Eink\u00e4ufen bei Partnerunternehmen von Rabattcorner zu erhalten. Nach Eintritt der von Rabattcorner festgelegten Bedingungen, wird der deklarierte Cashback dem Teilnehmer auf seinem Benutzerkonto bei Rabattcorner gutgeschrieben.<\/p>\n\n\n\n<p><strong>3.2<\/strong> Cashback kann durch den Abschluss von Rechtsgesch\u00e4ften (Einkauf von Waren, Inanspruchnahme von Dienstleistungen etc.) mit Rabattcorner-Partnern im Rahmen dieses Programms gesammelt werden. Nach Abschluss einer Cashback-berechtigten Transaktion wird dem Teilnehmer der entsprechende Cashback auf seinem Benutzerkonto provisorisch gutgeschrieben bzw. als provisorische Gutschrift verbucht. Die definitive Gutschrift erfolgt nach Eintritt der von Rabattcorner festgelegten Bedingungen. Die Cashback-Gutschrift kann storniert werden, wenn der Teilnehmer Teilnahmebedingungen verletzt oder die Voraussetzungen zum Erhalt des Cashbacks nicht vorliegen. Eine Stornierung ist selbst nach definitiver Gutschrift m\u00f6glich.<\/p>\n\n\n\n<p><strong>3.3<\/strong> Der Cashback, welcher Rabattcorner an den Teilnehmer weitergibt, wird von Rabattcorner festgelegt. Einzelne Waren und\/oder Dienstleistungen k\u00f6nnen vom Cashback ausgenommen werden. Die dem Teilnehmer pr\u00e4sentierten Angaben stellen lediglich einen Hinweis dar und sind f\u00fcr Rabattcorner nicht verbindlich.<\/p>\n\n\n\n<p><strong>3.4<\/strong> Die Auszahlung von Gutschriften an den Teilnehmer wird nur vorgenommen, wenn beim Kauf von Waren und\/oder der Inanspruchnahme von Dienstleistungen bei einem Partnerunternehmen von Rabattcorner folgende Schritte eingehalten werden:<\/p>\n\n\n\n<ul class=\"wp-block-list\"><li>Der Teilnehmer hat sich auf einer Plattform von Rabattcorner korrekt registriert.<\/li><li>Der Teilnehmer hat sich auf einer Plattform von Rabattcorner mit seinem Benutzernamen und Passwort eingeloggt.<\/li><li>Der Teilnehmer hat eine Abfrage auf der Website von Rabattcorner vorgenommen und ein ihm als Suchergebnis oder in den Kategorien angezeigtes Partnerunternehmen angeklickt und ist auf diese Weise direkt auf die Website des Partnerunternehmens gelangt.<\/li><li>Der Teilnehmende hat mit dem Partnerunternehmen anschliessend einen Vertrag \u00fcber Waren und\/oder Dienstleistungen abgeschlossen.<\/li><li>Das Partnerunternehmen hat gegen\u00fcber Rabattcorner den Gesch\u00e4ftsabschluss sowie die Erf\u00fcllung der vertraglichen Verpflichtungen zwischen Partnerunternehmen und Teilnehmer best\u00e4tigt.<\/li><li>Die zwischen Rabattcorner und Partnerunternehmen vereinbarte Provision wurde auf dem Konto von Rabattcorner in voller H\u00f6he unwiderruflich und bedingungslos gutgeschrieben.<\/li><\/ul>\n\n\n\n<p><strong>3.5<\/strong> Leistungsbestandteil von Rabattcorner ist die Zusendung von Werbeinformationen zu Rabattcorner, insbesondere Angebote der Rabattcorner-Partnerunternehmen per Newsletter. Der Teilnehmer kann diesen Leistungsbestandteil im Benutzerkonto deaktivieren.<\/p>\n\n\n\n<h2 class=\"wp-block-heading\">4. Auszahlung von Gutschriften<\/h2>\n\n\n\n<p><strong>4.1\u00a0<\/strong>Sobald die Summe aller auf dem Benutzerkonto definitiv verbuchten bzw. als \u201ebest\u00e4tigt\u201c gekennzeichneten Gutschriften den Betrag von CHF 20.- \u00fcberschreitet, kann der Teilnehmer den Betrag auf sein Bankkonto- oder Paypal-Konto auszahlen lassen. Dabei hat der Teilnehmer zu best\u00e4tigen, dass er der Kontoinhaber des entsprechenden Kontos ist und die Auszahlung damit an ihn erfolgt. Etwaige Geb\u00fchren und Kosten der Empf\u00e4ngerbank oder von PayPal tr\u00e4gt der Teilnehmer.<\/p>\n\n\n\n<p><strong>4.2\u00a0<\/strong>Auszahlungen auf ausl\u00e4ndische Bankkonten sind nicht m\u00f6glich. Auszahlungen via PayPal sind zudem nur bis zu einem Betrag von CHF 200 m\u00f6glich. Sofern die Auszahlung den Betrag von CHF\u00a0200 \u00fcberschreitet, hat die Auszahlung somit auf ein Bankkonto des Teilnehmers bei einer Schweizer Bank zu erfolgen.<\/p>\n\n\n\n<p><strong>4.3\u00a0<\/strong>Auf dem Benutzerkonto verbuchte Gutschriften werden nicht verzinst.<\/p>\n\n\n\n<p><strong>4.4\u00a0<\/strong>Rabattcorner wird von seiner Verpflichtung zur Auszahlung der Gutschriften nach Ziffer 4.1 auch dann befreit, wenn das vom Teilnehmer zuletzt angegebene Bank- oder PayPal-Konto einer anderen Person zuzuordnen ist oder nicht existiert.<\/p>\n\n\n\n<p><strong>4.5\u00a0<\/strong>T\u00e4tigt der Teilnehmer \u00fcber die Rabattcorner-Plattformen w\u00e4hrend mehr als zwei Jahren bei Rabattcorner-Partner keine Eink\u00e4ufe, verfallen die Gutschriften entsch\u00e4digungslos.<\/p>\n\n\n\n<h2 class=\"wp-block-heading\">5. Zugriff auf das Benutzerkonto bei Rabattcorner<\/h2>\n\n\n\n<p><strong>5.1&nbsp;<\/strong>Hat sich der Teilnehmer auf der Website von Rabattcorner online korrekt registriert, kann er auf sein Benutzerkonto zugreifen, indem er sich durch seinen Benutzernamen und sein Passwort oder ein anderes von Rabattcorner bestimmtes Verfahren gegen\u00fcber Rabattcorner legitimiert.<\/p>\n\n\n\n<p><strong>5.2&nbsp;<\/strong>Der Teilnehmer ist verpflichtet, Passwort und Benutzername sorgf\u00e4ltig aufzubewahren und vor dem unbefugten Zugriff Dritter zu sch\u00fctzen. Insbesondere d\u00fcrfen Passw\u00f6rter nicht aufgezeichnet werden. Das Passwort kann vom Teilnehmer jederzeit ge\u00e4ndert werden. S\u00e4mtliche autorisierten und nichtautorisierten Transaktionen, die mit dem Passwort des Teilnehmers ausgef\u00fchrt werden, gelten als solche des registrierten Teilnehmers. Der Teilnehmer tr\u00e4gt mithin s\u00e4mtliche Risiken und Folgen, die sich aus der \u2013 auch missbr\u00e4uchlichen \u2013 Verwendung seiner Legitimationsmittel ergeben.<\/p>\n\n\n\n<p><strong>5.3&nbsp;<\/strong>Bei Verdacht, dass ein Dritter Kenntnis der pers\u00f6nlichen Rabattcorner Zugangsdaten hat oder haben k\u00f6nnte, hat der Teilnehmer Rabattcorner davon unverz\u00fcglich zu unterrichten. Rabattcorner haftet nicht f\u00fcr Sch\u00e4den, welche dem Teilnehmer durch die unbefugte Verwendung seiner Zugangsdaten durch Dritte zugef\u00fcgt werden.<\/p>\n\n\n\n<h2 class=\"wp-block-heading\">6. Haftung<\/h2>\n\n\n\n<p><strong>6.1&nbsp;<\/strong>Schadenersatzanspr\u00fcche gegen Rabattcorner sind unabh\u00e4ngig von ihrem Rechtsgrund ausgeschlossen, es sei denn, Rabattcorner habe vors\u00e4tzlich oder grob fahrl\u00e4ssig gehandelt.<\/p>\n\n\n\n<p><strong>6.2&nbsp;<\/strong>Die Haftung von Rabattcorner f\u00fcr Sch\u00e4den, die dem Teilnehmer aus der Nichterf\u00fcllung seiner vertraglichen Verpflichtungen gegen\u00fcber Dritten entstehen, sowie f\u00fcr indirekte Sch\u00e4den und Folgesch\u00e4den, wie entgangener Gewinn oder Folgesch\u00e4den ist, ausgeschlossen.<\/p>\n\n\n\n<p><strong>6.3&nbsp;<\/strong>Rabattcorner haftet nicht f\u00fcr Sch\u00e4den, die durch die Rabattcorner-Partner verursacht werden. Vertragliche oder ausservertragliche Anspr\u00fcche aus oder in Zusammenhang mit von den Rabattcorner-Partnern erbrachten Leistungen k\u00f6nnen nur gegen\u00fcber diesen geltend gemacht werden.<\/p>\n\n\n\n<p><strong>6.4&nbsp;<\/strong>Rabattcorner garantiert nicht die jederzeitige Verf\u00fcgbarkeit und Funktionstauglichkeit seiner Systeme und damit den st\u00f6rungsfreien Ablauf der Suchfunktion, der Einsichtnahme in das Benutzerkonto, der Zuordnung des Rabatts und aller anderen von Rabattcorner angebotenen Dienstleistungen. Jegliche Haftung f\u00fcr Sch\u00e4den, die dem Teilnehmer infolge \u00dcbermittlungsfehler, technischer M\u00e4ngel, \u00dcberlastung, Unterbr\u00fcche (insbesondere auch aufgrund Wartungsarbeiten), St\u00f6rungen oder aufgrund anderer Unzul\u00e4nglichkeiten entstehen, ist ausgeschlossen.<\/p>\n\n\n\n<p><strong>6.5&nbsp;<\/strong>Rabattcorner \u00fcbernimmt keine Gew\u00e4hr f\u00fcr die Richtigkeit und Vollst\u00e4ndigkeit der dem Teilnehmer zug\u00e4nglich gemachten Daten. Insbesondere gelten Angaben \u00fcber Gutschriften als unverbindlich und Rabattcorner \u00fcbernimmt keinerlei Verantwortung oder Haftung f\u00fcr den Inhalt von Webseiten, auf der Plattformen von Rabattcorner, auf die direkt oder indirekt verwiesen wird (Verlinkungen auf Partnerunternehmen oder Werbende).<\/p>\n\n\n\n<h2 class=\"wp-block-heading\">7. K\u00fcndigung, Beendigung der Teilnahme am RC-Programm<\/h2>\n\n\n\n<p><strong>7.1&nbsp;<\/strong>Rabattcorner und der Teilnehmer k\u00f6nnen die Vertragsbeziehung jederzeit per sofort oder auf einen sp\u00e4teren Termin k\u00fcndigen.<\/p>\n\n\n\n<p><strong>7.2&nbsp;<\/strong>Die K\u00fcndigung hat schriftlich oder per E-Mail zu erfolgen.<\/p>\n\n\n\n<p><strong>7.3&nbsp;<\/strong>Rabattcorner beh\u00e4lt sich das Recht vor, das Rabattcorner-Programm jederzeit ohne Angabe von Gr\u00fcnden zu beenden oder durch ein anderes Programm zu ersetzen.<\/p>\n\n\n\n<h2 class=\"wp-block-heading\">8. \u00c4nderungen der Allgemeinen Gesch\u00e4ftsbedingungen<\/h2>\n\n\n\n<p><strong>8.1&nbsp;<\/strong>Rabattcorner kann die Allgemeinen Gesch\u00e4ftsbedingungen jederzeit \u00e4ndern. Der Teilnehmer wird vorg\u00e4ngig mittels Publikation auf der Webseite, Mitteilung per E-Mail oder auf andere geeignete Weise informiert. \u00c4nderungen gelten ohne schriftlichen Widerspruch innert Monatsfrist seit Bekanntgabe, auf jeden Fall aber mit der n\u00e4chsten Nutzung der Rabattcorner-Plattform, als genehmigt. Die Ablehnung der \u00c4nderungen mittels schriftlichen Widerspruchs gilt als K\u00fcndigung durch den Teilnehmer.<\/p>\n\n\n\n<h2 class=\"wp-block-heading\">9. Datenschutz<\/h2>\n\n\n\n<p><strong>9.1&nbsp;<\/strong>Die&nbsp;<a href=\"\/datenschutz\">Datenschutzerkl\u00e4rung<\/a>&nbsp;ist integrierter Bestandteil dieser AGB. Mit der Akzeptanz dieser AGBs erkl\u00e4ren sich die Nutzer auch der Datenschutzerkl\u00e4rung zuzustimmen.<\/p>\n\n\n\n<h2 class=\"wp-block-heading\">10. Marketingzwecke<\/h2>\n\n\n\n<p><strong>10.1&nbsp;<\/strong>Der Teilnehmer ist damit einverstanden, dass Rabattcorner Teilnehmerdaten zu internen Marketingzwecken verwendet.<\/p>\n\n\n\n<h2 class=\"wp-block-heading\">11. Gerichtsstand, Geltung des Schweizer Rechtes<\/h2>\n\n\n\n<p><strong>11.1&nbsp;<\/strong>Alle Rechtsbeziehungen des Teilnehmers mit Rabattcorner unterstehen schweizerischem materiellen Recht. Ausschliesslicher Gerichtstand f\u00fcr alle Verfahren ist Z\u00fcrich. Rabattcorner ist jedoch berechtigt, den Teilnehmer bei jedem anderen zust\u00e4ndigen Gericht zu belangen.<\/p>\n\n\n\n<p>Z\u00fcrich<br>Stand Oktober, 2025<\/p>\n","protected":false},"excerpt":{"rendered":"<p>1. Geltungsbereich Diese allgemeinen Gesch\u00e4ftsbedingungen (\u201eAGB\u201c) gelten f\u00fcr die Nutzung der von Rabattcorner AG, Lessingstrasse 11, 8002 Z\u00fcrich (\u201eRabattcorner\u201c) betriebene Rabattcorner.ch Plattform. 2. Teilnahme am Rabattcorner-Programm 2.1&nbsp;Am Rabattcorner-Programm k\u00f6nnen Personen teilnehmen, die sich hierf\u00fcr auf der Website rabattcorner.ch registriert haben (\u201eTeilnehmer\u201c). Zur Registrierung berechtigt ist jede nat\u00fcrliche Person, die mindestens beschr\u00e4nkt handlungsf\u00e4hig ist, sowie Personenvereinigungen [&hellip;]<\/p>\n","protected":false},"author":3,"featured_media":0,"parent":0,"menu_order":0,"comment_status":"closed","ping_status":"closed","template":"templates\/template-additional.php","meta":{"footnotes":""},"class_list":["post-466","page","type-page","status-publish","hentry"],"yoast_head":"<!-- This site is optimized with the Yoast SEO plugin v27.1.1 - https:\/\/yoast.com\/product\/yoast-seo-wordpress\/ -->\n<title>Allgemeine Gesch\u00e4fts- bedingungen - Rabattcorner - Cashback<\/title>\n<meta name=\"description\" content=\"Anmeldung, Cashbackzahlung, Datenschutz... Lese unsere allgemeinen Gesch\u00e4ftsbedingungen, bevor du von unserer Plattform profitierst.\" \/>\n<meta name=\"robots\" content=\"index, follow, max-snippet:-1, max-image-preview:large, max-video-preview:-1\" \/>\n<link rel=\"canonical\" href=\"https:\/\/www.rabattcorner.ch\/cashback\/allgemeine-geschaftsbedingungen\/\" \/>\n<meta property=\"og:locale\" content=\"de_DE\" \/>\n<meta property=\"og:type\" content=\"article\" \/>\n<meta property=\"og:title\" content=\"Allgemeine Gesch\u00e4fts- bedingungen - Rabattcorner - Cashback\" \/>\n<meta property=\"og:description\" content=\"Anmeldung, Cashbackzahlung, Datenschutz... Lese unsere allgemeinen Gesch\u00e4ftsbedingungen, bevor du von unserer Plattform profitierst.\" \/>\n<meta property=\"og:url\" content=\"https:\/\/www.rabattcorner.ch\/cashback\/allgemeine-geschaftsbedingungen\/\" \/>\n<meta property=\"og:site_name\" content=\"Rabattcorner - Cashback\" \/>\n<meta property=\"article:publisher\" content=\"https:\/\/www.facebook.com\/rabattcorner\" \/>\n<meta property=\"article:modified_time\" content=\"2026-02-03T14:14:22+00:00\" \/>\n<meta property=\"og:image\" content=\"https:\/\/www.rabattcorner.ch\/cashback\/wp-content\/uploads\/2019\/02\/favicon_master.png\" \/>\n\t<meta property=\"og:image:width\" content=\"512\" \/>\n\t<meta property=\"og:image:height\" content=\"512\" \/>\n\t<meta property=\"og:image:type\" content=\"image\/png\" \/>\n<meta name=\"twitter:card\" content=\"summary_large_image\" \/>\n<meta name=\"twitter:site\" content=\"@rabattcorner\" \/>\n<meta name=\"twitter:label1\" content=\"Gesch\u00e4tzte Lesezeit\" \/>\n\t<meta name=\"twitter:data1\" content=\"6\u00a0Minuten\" \/>\n<script type=\"application\/ld+json\" class=\"yoast-schema-graph\">{\"@context\":\"https:\/\/schema.org\",\"@graph\":[{\"@type\":\"WebPage\",\"@id\":\"https:\/\/www.rabattcorner.ch\/cashback\/allgemeine-geschaftsbedingungen\/\",\"url\":\"https:\/\/www.rabattcorner.ch\/cashback\/allgemeine-geschaftsbedingungen\/\",\"name\":\"Allgemeine Gesch\u00e4fts- bedingungen - Rabattcorner - Cashback\",\"isPartOf\":{\"@id\":\"https:\/\/www.rabattcorner.ch\/cashback\/#website\"},\"datePublished\":\"2019-03-26T09:02:44+00:00\",\"dateModified\":\"2026-02-03T14:14:22+00:00\",\"description\":\"Anmeldung, Cashbackzahlung, Datenschutz... Lese unsere allgemeinen Gesch\u00e4ftsbedingungen, bevor du von unserer Plattform profitierst.\",\"breadcrumb\":{\"@id\":\"https:\/\/www.rabattcorner.ch\/cashback\/allgemeine-geschaftsbedingungen\/#breadcrumb\"},\"inLanguage\":\"de-CH\",\"potentialAction\":[{\"@type\":\"ReadAction\",\"target\":[\"https:\/\/www.rabattcorner.ch\/cashback\/allgemeine-geschaftsbedingungen\/\"]}]},{\"@type\":\"BreadcrumbList\",\"@id\":\"https:\/\/www.rabattcorner.ch\/cashback\/allgemeine-geschaftsbedingungen\/#breadcrumb\",\"itemListElement\":[{\"@type\":\"ListItem\",\"position\":1,\"name\":\"Cashback\",\"item\":\"https:\/\/www.rabattcorner.ch\/cashback\/\"},{\"@type\":\"ListItem\",\"position\":2,\"name\":\"Allgemeine Gesch\u00e4fts- bedingungen\"}]},{\"@type\":\"WebSite\",\"@id\":\"https:\/\/www.rabattcorner.ch\/cashback\/#website\",\"url\":\"https:\/\/www.rabattcorner.ch\/cashback\/\",\"name\":\"Rabattcorner - Cashback\",\"description\":\"Erhalte Cashback f\u00fcr deine Online-Eink\u00e4ufe\",\"alternateName\":\"Rabattcorner\",\"potentialAction\":[{\"@type\":\"SearchAction\",\"target\":{\"@type\":\"EntryPoint\",\"urlTemplate\":\"https:\/\/www.rabattcorner.ch\/cashback\/?s={search_term_string}\"},\"query-input\":{\"@type\":\"PropertyValueSpecification\",\"valueRequired\":true,\"valueName\":\"search_term_string\"}}],\"inLanguage\":\"de-CH\"}]}<\/script>\n<!-- \/ Yoast SEO plugin. -->","yoast_head_json":{"title":"Allgemeine Gesch\u00e4fts- bedingungen - Rabattcorner - Cashback","description":"Anmeldung, Cashbackzahlung, Datenschutz... Lese unsere allgemeinen Gesch\u00e4ftsbedingungen, bevor du von unserer Plattform profitierst.","robots":{"index":"index","follow":"follow","max-snippet":"max-snippet:-1","max-image-preview":"max-image-preview:large","max-video-preview":"max-video-preview:-1"},"canonical":"https:\/\/www.rabattcorner.ch\/cashback\/allgemeine-geschaftsbedingungen\/","og_locale":"de_DE","og_type":"article","og_title":"Allgemeine Gesch\u00e4fts- bedingungen - Rabattcorner - Cashback","og_description":"Anmeldung, Cashbackzahlung, Datenschutz... Lese unsere allgemeinen Gesch\u00e4ftsbedingungen, bevor du von unserer Plattform profitierst.","og_url":"https:\/\/www.rabattcorner.ch\/cashback\/allgemeine-geschaftsbedingungen\/","og_site_name":"Rabattcorner - Cashback","article_publisher":"https:\/\/www.facebook.com\/rabattcorner","article_modified_time":"2026-02-03T14:14:22+00:00","og_image":[{"width":512,"height":512,"url":"https:\/\/www.rabattcorner.ch\/cashback\/wp-content\/uploads\/2019\/02\/favicon_master.png","type":"image\/png"}],"twitter_card":"summary_large_image","twitter_site":"@rabattcorner","twitter_misc":{"Gesch\u00e4tzte Lesezeit":"6\u00a0Minuten"},"schema":{"@context":"https:\/\/schema.org","@graph":[{"@type":"WebPage","@id":"https:\/\/www.rabattcorner.ch\/cashback\/allgemeine-geschaftsbedingungen\/","url":"https:\/\/www.rabattcorner.ch\/cashback\/allgemeine-geschaftsbedingungen\/","name":"Allgemeine Gesch\u00e4fts- bedingungen - Rabattcorner - Cashback","isPartOf":{"@id":"https:\/\/www.rabattcorner.ch\/cashback\/#website"},"datePublished":"2019-03-26T09:02:44+00:00","dateModified":"2026-02-03T14:14:22+00:00","description":"Anmeldung, Cashbackzahlung, Datenschutz... Lese unsere allgemeinen Gesch\u00e4ftsbedingungen, bevor du von unserer Plattform profitierst.","breadcrumb":{"@id":"https:\/\/www.rabattcorner.ch\/cashback\/allgemeine-geschaftsbedingungen\/#breadcrumb"},"inLanguage":"de-CH","potentialAction":[{"@type":"ReadAction","target":["https:\/\/www.rabattcorner.ch\/cashback\/allgemeine-geschaftsbedingungen\/"]}]},{"@type":"BreadcrumbList","@id":"https:\/\/www.rabattcorner.ch\/cashback\/allgemeine-geschaftsbedingungen\/#breadcrumb","itemListElement":[{"@type":"ListItem","position":1,"name":"Cashback","item":"https:\/\/www.rabattcorner.ch\/cashback\/"},{"@type":"ListItem","position":2,"name":"Allgemeine Gesch\u00e4fts- bedingungen"}]},{"@type":"WebSite","@id":"https:\/\/www.rabattcorner.ch\/cashback\/#website","url":"https:\/\/www.rabattcorner.ch\/cashback\/","name":"Rabattcorner - Cashback","description":"Erhalte Cashback f\u00fcr deine Online-Eink\u00e4ufe","alternateName":"Rabattcorner","potentialAction":[{"@type":"SearchAction","target":{"@type":"EntryPoint","urlTemplate":"https:\/\/www.rabattcorner.ch\/cashback\/?s={search_term_string}"},"query-input":{"@type":"PropertyValueSpecification","valueRequired":true,"valueName":"search_term_string"}}],"inLanguage":"de-CH"}]}},"lang":"de","translations":{"de":466,"fr":479},"pll_sync_post":[],"_links":{"self":[{"href":"https:\/\/www.rabattcorner.ch\/cashback\/wp-json\/wp\/v2\/pages\/466","targetHints":{"allow":["GET"]}}],"collection":[{"href":"https:\/\/www.rabattcorner.ch\/cashback\/wp-json\/wp\/v2\/pages"}],"about":[{"href":"https:\/\/www.rabattcorner.ch\/cashback\/wp-json\/wp\/v2\/types\/page"}],"author":[{"embeddable":true,"href":"https:\/\/www.rabattcorner.ch\/cashback\/wp-json\/wp\/v2\/users\/3"}],"replies":[{"embeddable":true,"href":"https:\/\/www.rabattcorner.ch\/cashback\/wp-json\/wp\/v2\/comments?post=466"}],"version-history":[{"count":10,"href":"https:\/\/www.rabattcorner.ch\/cashback\/wp-json\/wp\/v2\/pages\/466\/revisions"}],"predecessor-version":[{"id":6766,"href":"https:\/\/www.rabattcorner.ch\/cashback\/wp-json\/wp\/v2\/pages\/466\/revisions\/6766"}],"wp:attachment":[{"href":"https:\/\/www.rabattcorner.ch\/cashback\/wp-json\/wp\/v2\/media?parent=466"}],"curies":[{"name":"wp","href":"https:\/\/api.w.org\/{rel}","templated":true}]}}