{"id":3685,"date":"2021-04-12T08:48:38","date_gmt":"2021-04-12T08:48:38","guid":{"rendered":"https:\/\/www.rabattcorner.ch\/cashback\/?page_id=3685"},"modified":"2026-02-09T16:52:07","modified_gmt":"2026-02-09T16:52:07","slug":"cashback-bei-mehr-als-600-onlineshops-gewinnspiel","status":"publish","type":"page","link":"https:\/\/www.rabattcorner.ch\/cashback\/cashback-bei-mehr-als-600-onlineshops-gewinnspiel\/","title":{"rendered":"600 Cashback-Partner-Gewinnspiel"},"content":{"rendered":"\n<h2 class=\"wp-block-heading\">Nimm an unserem Gewinnspiel teil und gewinne mit etwas Gl\u00fcck Preise im Gesamtwert von \u00fcber CHF 1&#8217;000.-!<\/h2>\n\n\n\n<p><strong>*DAS GEWINNSPIEL IST BEENDET! DIE GEWINNER WURDEN BENACHRICHTIGT*<\/strong><\/p>\n\n\n\n<p>Wir bem\u00fchen uns laufend neue Partner f\u00fcr Rabattcorner zu gewinnen, damit du beim Online-Shopping Geld sparen und Cashback verdienen kannst. Mittlerweile sind<strong> mehr als 700 Shops<\/strong> bei Rabattcorner dabei! <\/p>\n\n\n\n<p>Um das geb\u00fchrend zu feiern haben wir von einigen dieser Partnern <strong>exklusive Goodies im Gesamtwert von \u00fcber CHF 1&#8217;000.-<\/strong> erhalten, die wir verlosen d\u00fcrfen! <\/p>\n\n\n\n<p>Die Regeln f\u00fcr das Gewinnspiel sind ganz einfach: Jedes Mal, wenn du<strong> bis zum 25. Juli<\/strong> \u00fcber Rabattcorner einkaufst oder <a href=\"https:\/\/www.rabattcorner.ch\/myaccount\/referral.html?utm_campaign=intern&amp;utm_source=wordpress&amp;utm_medium=blog&amp;utm_content=600-partner-contest\" target=\"_blank\" rel=\"noreferrer noopener\">einen Freund mit deinem pers\u00f6nlichen Link einl\u00e4dst<\/a> nimmst du automatisch am Gewinnspiel teil. Du erh\u00f6hst also deine Gewinnchancen, je mehr du shoppst und je \u00f6fters du Freunde einl\u00e4dst!<\/p>\n\n\n\n<div class=\"wp-block-buttons alignwide is-content-justification-center is-layout-flex wp-block-buttons-is-layout-flex\">\n<div class=\"wp-block-button has-custom-width wp-block-button__width-50 is-style-fill\"><a class=\"wp-block-button__link has-background\" href=\"https:\/\/www.rabattcorner.ch\/#section--deals?utm_campaign=intern&amp;utm_source=wordpress&amp;utm_medium=blog&amp;utm_content=600-partner-contest\" style=\"border-radius:3px;background-color:#36af45\" target=\"_blank\" rel=\"noreferrer noopener\">Jetzt shoppen!<\/a><\/div>\n<\/div>\n\n\n\n<h3 class=\"wp-block-heading\">Diese Preise gibt&#8217;s zu gewinnen:<\/h3>\n\n\n\n\n\n\n\n\n\n\n\n<h2 class=\"wp-block-heading\">Wer ist neu dabei?<\/h2>\n\n\n\n<p><a aria-label=\"\ufffc (\u00f6ffnet in neuem Tab)\" href=\"https:\/\/www.rabattcorner.ch\/calzedonia.html\" target=\"_blank\" rel=\"noreferrer noopener\"><img loading=\"lazy\" decoding=\"async\" width=\"70\" height=\"42\" class=\"wp-image-3990\" style=\"width: 70px;\" src=\"https:\/\/www.rabattcorner.ch\/cashback\/wp-content\/uploads\/2021\/07\/calzedonia_logo.jpg\" alt=\"\"><\/a> <a href=\"https:\/\/www.rabattcorner.ch\/ravensburger.html\"><img loading=\"lazy\" decoding=\"async\" width=\"70\" height=\"42\" class=\"wp-image-3741\" style=\"width: 70px;\" src=\"https:\/\/www.rabattcorner.ch\/cashback\/wp-content\/uploads\/2021\/03\/ravensburger-3.gif\" alt=\"\"><\/a> <a href=\"https:\/\/www.rabattcorner.ch\/do-it-garden.html\"><img loading=\"lazy\" decoding=\"async\" width=\"70\" height=\"42\" class=\"wp-image-3740\" style=\"width: 70px;\" src=\"https:\/\/www.rabattcorner.ch\/cashback\/wp-content\/uploads\/2021\/03\/do_it_garden_migros.gif\" alt=\"\"><\/a> <a href=\"https:\/\/www.rabattcorner.ch\/blinkist.html\"><img loading=\"lazy\" decoding=\"async\" width=\"70\" height=\"42\" class=\"wp-image-3739\" style=\"width: 70px;\" src=\"https:\/\/www.rabattcorner.ch\/cashback\/wp-content\/uploads\/2021\/03\/blinkist.gif\" alt=\"\"><\/a> <a href=\"https:\/\/www.rabattcorner.ch\/book-depository.html\"><img loading=\"lazy\" decoding=\"async\" width=\"70\" height=\"42\" class=\"wp-image-3738\" style=\"width: 70px;\" src=\"https:\/\/www.rabattcorner.ch\/cashback\/wp-content\/uploads\/2021\/03\/book_depository.gif\" alt=\"\"><\/a> <a href=\"https:\/\/www.rabattcorner.ch\/sportxx.html\"><img loading=\"lazy\" decoding=\"async\" width=\"70\" height=\"42\" class=\"wp-image-3737\" style=\"width: 70px;\" src=\"https:\/\/www.rabattcorner.ch\/cashback\/wp-content\/uploads\/2021\/03\/sportxx.gif\" alt=\"\"><\/a> <a href=\"https:\/\/www.rabattcorner.ch\/smilepen.html\"><img loading=\"lazy\" decoding=\"async\" width=\"70\" height=\"42\" class=\"wp-image-3736\" style=\"width: 70px;\" src=\"https:\/\/www.rabattcorner.ch\/cashback\/wp-content\/uploads\/2021\/03\/smilepen.gif\" alt=\"\"><\/a> <a href=\"https:\/\/www.rabattcorner.ch\/sweets.html\"><img loading=\"lazy\" decoding=\"async\" width=\"70\" height=\"42\" class=\"wp-image-3735\" style=\"width: 70px;\" src=\"https:\/\/www.rabattcorner.ch\/cashback\/wp-content\/uploads\/2021\/03\/sweets.gif\" alt=\"\"><\/a> <a href=\"https:\/\/www.rabattcorner.ch\/kastner-oehler.html\"><img loading=\"lazy\" decoding=\"async\" width=\"70\" height=\"42\" class=\"wp-image-3734\" style=\"width: 70px;\" src=\"https:\/\/www.rabattcorner.ch\/cashback\/wp-content\/uploads\/2021\/03\/kastner_oehler.gif\" alt=\"\"><\/a> <a href=\"https:\/\/www.rabattcorner.ch\/steg-electronics.html\" target=\"_blank\" rel=\"noreferrer noopener\"><img loading=\"lazy\" decoding=\"async\" width=\"70\" height=\"42\" class=\"wp-image-4078\" style=\"width: 70px;\" src=\"https:\/\/www.rabattcorner.ch\/cashback\/wp-content\/uploads\/2021\/07\/steg-logo.jpg\" alt=\"\"><\/a> <\/p>\n\n\n\n<div class=\"wp-block-columns has-2-columns is-layout-flex wp-container-core-columns-is-layout-9d6595d7 wp-block-columns-is-layout-flex\">\n<div class=\"wp-block-column is-layout-flow wp-block-column-is-layout-flow\">\n<ul class=\"wp-block-list\"><li><a rel=\"noreferrer noopener\" aria-label=\"Calzedonia  (\u00f6ffnet in neuem Tab)\" href=\"https:\/\/www.rabattcorner.ch\/calzedonia.html\" target=\"_blank\">Calzedonia <\/a>&#8211; Bademode und Unterw\u00e4sche<\/li><li><a rel=\"noreferrer noopener\" aria-label=\" (\u00f6ffnet in neuem Tab)\" href=\"https:\/\/www.rabattcorner.ch\/ravensburger.html\" target=\"_blank\">Ravensburger<\/a> &#8211; Puzzles, Spiele, Spielzeug<\/li><li><a href=\"https:\/\/www.rabattcorner.ch\/do-it-garden.html\">Do it + Garden<\/a> &#8211; Baumarkt der Migros<\/li><li><a rel=\"noreferrer noopener\" aria-label=\" (\u00f6ffnet in neuem Tab)\" href=\"https:\/\/www.rabattcorner.ch\/blinkist.html\" target=\"_blank\">Blinkist<\/a> &#8211; B\u00fccher in 15 Minuten lesen<\/li><li><a rel=\"noreferrer noopener\" aria-label=\" (\u00f6ffnet in neuem Tab)\" href=\"https:\/\/www.rabattcorner.ch\/book-depository.html\" target=\"_blank\">The Book Depository<\/a> &#8211; 20 Mio. B\u00fcche<\/li><\/ul>\n<\/div>\n\n\n\n<div class=\"wp-block-column is-layout-flow wp-block-column-is-layout-flow\">\n<ul class=\"wp-block-list\"><li><a aria-label=\" (\u00f6ffnet in neuem Tab)\" rel=\"noreferrer noopener\" href=\"https:\/\/www.rabattcorner.ch\/sportxx.html\" target=\"_blank\">SportXX<\/a> &#8211; Der Fachmarkt f\u00fcr Sportfans<\/li><li><a aria-label=\" (\u00f6ffnet in neuem Tab)\" rel=\"noreferrer noopener\" href=\"https:\/\/www.rabattcorner.ch\/smilepen.html\" target=\"_blank\">Smilepen<\/a> &#8211; Zahn Bleaching<\/li><li><a aria-label=\" (\u00f6ffnet in neuem Tab)\" rel=\"noreferrer noopener\" href=\"https:\/\/www.rabattcorner.ch\/sweets.html\" target=\"_blank\">Sweets<\/a> &#8211; Schweizer S\u00fcssigkeiten Shop<\/li><li><a aria-label=\" (\u00f6ffnet in neuem Tab)\" rel=\"noreferrer noopener\" href=\"https:\/\/www.rabattcorner.ch\/kastner-oehler.html\" target=\"_blank\">Kastner &amp; \u00d6hler<\/a> &#8211; Mode, Beauty, Home<\/li><li><a href=\"https:\/\/www.rabattcorner.ch\/steg-electronics.html\" target=\"_blank\" rel=\"noreferrer noopener\">STEG Electronics<\/a> &#8211; Elektronikartikel<\/li><\/ul>\n<\/div>\n<\/div>\n\n\n\n<p>Das ist nur eine kleine Auswahl der Shops, die sich uns in den letzten Monaten angeschlossen haben. In unserem Newsletter halten wir dich w\u00f6chentlich auf dem Laufenden. Wenn du ihn noch nicht erh\u00e4ltst, kannst du das <a aria-label=\" (\u00f6ffnet in neuem Tab)\" href=\"https:\/\/www.rabattcorner.ch\/myaccount\/profile.html\" target=\"_blank\" rel=\"noreferrer noopener\">hier unter &#171;Benachrichtigungen&#187;<\/a> \u00e4ndern!<\/p>\n\n\n\n<h2 class=\"wp-block-heading\">Die beliebtesten Shops<\/h2>\n\n\n\n<p>Wo kaufen eigentlich die anderen Rabattcorner User ein? Hier findest du die aktuellen Top 10 Shops auf Rabattcorner, Stand Juli 2021:<\/p>\n\n\n\n<ol class=\"wp-block-list\"><li><a rel=\"noreferrer noopener\" aria-label=\" (\u00f6ffnet in neuem Tab)\" href=\"https:\/\/www.rabattcorner.ch\/booking.html\" target=\"_blank\">booking.com<\/a><\/li><li><a rel=\"noreferrer noopener\" aria-label=\" (\u00f6ffnet in neuem Tab)\" href=\"https:\/\/www.rabattcorner.ch\/ebookers.html\" target=\"_blank\">ebookers<\/a><\/li><li><a rel=\"noreferrer noopener\" aria-label=\" (\u00f6ffnet in neuem Tab)\" href=\"https:\/\/www.rabattcorner.ch\/aliexpress.html\" target=\"_blank\">AliExpress<\/a><\/li><li><a rel=\"noreferrer noopener\" aria-label=\"hotels.com (\u00f6ffnet in neuem Tab)\" href=\"https:\/\/www.rabattcorner.ch\/hotels-com.html\" target=\"_blank\">hotels.com<\/a><\/li><li><a rel=\"noreferrer noopener\" aria-label=\"TUI (\u00f6ffnet in neuem Tab)\" href=\"https:\/\/www.rabattcorner.ch\/tui.html\" target=\"_blank\">TUI<\/a><\/li><li><a rel=\"noreferrer noopener\" aria-label=\"Lenovo (\u00f6ffnet in neuem Tab)\" href=\"https:\/\/www.rabattcorner.ch\/lenovo.html\" target=\"_blank\">Lenovo<\/a><\/li><li><a href=\"https:\/\/www.rabattcorner.ch\/movenpick-wein.html\" target=\"_blank\" rel=\"noreferrer noopener\" aria-label=\"M\u00f6venpick Wein (\u00f6ffnet in neuem Tab)\">M\u00f6venpick Wein<\/a><\/li><li><a rel=\"noreferrer noopener\" aria-label=\" (\u00f6ffnet in neuem Tab)\" href=\"https:\/\/www.rabattcorner.ch\/manor.html\" target=\"_blank\">Manor<\/a><\/li><li><a rel=\"noreferrer noopener\" aria-label=\" (\u00f6ffnet in neuem Tab)\" href=\"https:\/\/www.rabattcorner.ch\/jelmoli-versand.html\" target=\"_blank\">Jelmoli Versand<\/a><\/li><li><a rel=\"noreferrer noopener\" aria-label=\" (\u00f6ffnet in neuem Tab)\" href=\"https:\/\/www.rabattcorner.ch\/media-markt.html\" target=\"_blank\">Media Markt<\/a><\/li><\/ol>\n\n\n\n<p>Wir werden auch weiterhin versuchen noch mehr und noch gr\u00f6ssere Shops von Rabattcorner zu \u00fcberzeugen und freuen uns darauf gemeinsam mit dir und unserer Community schon bald hoffentlich auch den 700sten Partnershop feiern zu k\u00f6nnen!<\/p>\n","protected":false},"excerpt":{"rendered":"<p>Nimm an unserem Gewinnspiel teil und gewinne mit etwas Gl\u00fcck Preise im Gesamtwert von \u00fcber CHF 1&#8217;000.-! *DAS GEWINNSPIEL IST BEENDET! DIE GEWINNER WURDEN BENACHRICHTIGT* Wir bem\u00fchen uns laufend neue Partner f\u00fcr Rabattcorner zu gewinnen, damit du beim Online-Shopping Geld sparen und Cashback verdienen kannst. Mittlerweile sind mehr als 700 Shops bei Rabattcorner dabei! Um [&hellip;]<\/p>\n","protected":false},"author":3,"featured_media":3785,"parent":0,"menu_order":0,"comment_status":"closed","ping_status":"closed","template":"templates\/template-additional.php","meta":{"footnotes":""},"class_list":["post-3685","page","type-page","status-publish","has-post-thumbnail","hentry"],"yoast_head":"<!-- This site is optimized with the Yoast SEO plugin v27.1.1 - https:\/\/yoast.com\/product\/yoast-seo-wordpress\/ -->\n<title>Cashback in mehr als 600 Onlineshops \u2013 Gewinnspiel Rabattcorner<\/title>\n<meta name=\"description\" content=\"Erhalte bis zu 25% Cashback bei mehr als 600 Partnershops und profitiere von Gutscheinen und Spezialangeboten \u2013 Geld sparen mit Rabattcorner\" \/>\n<meta name=\"robots\" content=\"index, follow, max-snippet:-1, max-image-preview:large, max-video-preview:-1\" \/>\n<link rel=\"canonical\" href=\"https:\/\/www.rabattcorner.ch\/cashback\/cashback-bei-mehr-als-600-onlineshops-gewinnspiel\/\" \/>\n<meta property=\"og:locale\" content=\"de_DE\" \/>\n<meta property=\"og:type\" content=\"article\" \/>\n<meta property=\"og:title\" content=\"Cashback in mehr als 600 Onlineshops \u2013 Gewinnspiel Rabattcorner\" \/>\n<meta property=\"og:description\" content=\"Erhalte bis zu 25% Cashback bei mehr als 600 Partnershops und profitiere von Gutscheinen und Spezialangeboten \u2013 Geld sparen mit Rabattcorner\" \/>\n<meta property=\"og:url\" content=\"https:\/\/www.rabattcorner.ch\/cashback\/cashback-bei-mehr-als-600-onlineshops-gewinnspiel\/\" \/>\n<meta property=\"og:site_name\" content=\"Rabattcorner - Cashback\" \/>\n<meta property=\"article:publisher\" content=\"https:\/\/www.facebook.com\/rabattcorner\" \/>\n<meta property=\"article:modified_time\" content=\"2026-02-09T16:52:07+00:00\" \/>\n<meta property=\"og:image\" content=\"https:\/\/www.rabattcorner.ch\/cashback\/wp-content\/uploads\/2021\/04\/contest-rabattcorner-1.jpg\" \/>\n\t<meta property=\"og:image:width\" content=\"1920\" \/>\n\t<meta property=\"og:image:height\" content=\"1080\" \/>\n\t<meta property=\"og:image:type\" content=\"image\/jpeg\" \/>\n<meta name=\"twitter:card\" content=\"summary_large_image\" \/>\n<meta name=\"twitter:site\" content=\"@rabattcorner\" \/>\n<meta name=\"twitter:label1\" content=\"Gesch\u00e4tzte Lesezeit\" \/>\n\t<meta name=\"twitter:data1\" content=\"4\u00a0Minuten\" \/>\n<script type=\"application\/ld+json\" class=\"yoast-schema-graph\">{\"@context\":\"https:\/\/schema.org\",\"@graph\":[{\"@type\":\"WebPage\",\"@id\":\"https:\/\/www.rabattcorner.ch\/cashback\/cashback-bei-mehr-als-600-onlineshops-gewinnspiel\/\",\"url\":\"https:\/\/www.rabattcorner.ch\/cashback\/cashback-bei-mehr-als-600-onlineshops-gewinnspiel\/\",\"name\":\"Cashback in mehr als 600 Onlineshops \u2013 Gewinnspiel Rabattcorner\",\"isPartOf\":{\"@id\":\"https:\/\/www.rabattcorner.ch\/cashback\/#website\"},\"primaryImageOfPage\":{\"@id\":\"https:\/\/www.rabattcorner.ch\/cashback\/cashback-bei-mehr-als-600-onlineshops-gewinnspiel\/#primaryimage\"},\"image\":{\"@id\":\"https:\/\/www.rabattcorner.ch\/cashback\/cashback-bei-mehr-als-600-onlineshops-gewinnspiel\/#primaryimage\"},\"thumbnailUrl\":\"https:\/\/www.rabattcorner.ch\/cashback\/wp-content\/uploads\/2021\/04\/contest-rabattcorner-1.jpg\",\"datePublished\":\"2021-04-12T08:48:38+00:00\",\"dateModified\":\"2026-02-09T16:52:07+00:00\",\"description\":\"Erhalte bis zu 25% Cashback bei mehr als 600 Partnershops und profitiere von Gutscheinen und Spezialangeboten \u2013 Geld sparen mit Rabattcorner\",\"breadcrumb\":{\"@id\":\"https:\/\/www.rabattcorner.ch\/cashback\/cashback-bei-mehr-als-600-onlineshops-gewinnspiel\/#breadcrumb\"},\"inLanguage\":\"de-CH\",\"potentialAction\":[{\"@type\":\"ReadAction\",\"target\":[\"https:\/\/www.rabattcorner.ch\/cashback\/cashback-bei-mehr-als-600-onlineshops-gewinnspiel\/\"]}]},{\"@type\":\"ImageObject\",\"inLanguage\":\"de-CH\",\"@id\":\"https:\/\/www.rabattcorner.ch\/cashback\/cashback-bei-mehr-als-600-onlineshops-gewinnspiel\/#primaryimage\",\"url\":\"https:\/\/www.rabattcorner.ch\/cashback\/wp-content\/uploads\/2021\/04\/contest-rabattcorner-1.jpg\",\"contentUrl\":\"https:\/\/www.rabattcorner.ch\/cashback\/wp-content\/uploads\/2021\/04\/contest-rabattcorner-1.jpg\",\"width\":1920,\"height\":1080,\"caption\":\"Wettbewerb Rabattcorner\"},{\"@type\":\"BreadcrumbList\",\"@id\":\"https:\/\/www.rabattcorner.ch\/cashback\/cashback-bei-mehr-als-600-onlineshops-gewinnspiel\/#breadcrumb\",\"itemListElement\":[{\"@type\":\"ListItem\",\"position\":1,\"name\":\"Cashback\",\"item\":\"https:\/\/www.rabattcorner.ch\/cashback\/\"},{\"@type\":\"ListItem\",\"position\":2,\"name\":\"600 Cashback-Partner-Gewinnspiel\"}]},{\"@type\":\"WebSite\",\"@id\":\"https:\/\/www.rabattcorner.ch\/cashback\/#website\",\"url\":\"https:\/\/www.rabattcorner.ch\/cashback\/\",\"name\":\"Rabattcorner - Cashback\",\"description\":\"Erhalte Cashback f\u00fcr deine Online-Eink\u00e4ufe\",\"alternateName\":\"Rabattcorner\",\"potentialAction\":[{\"@type\":\"SearchAction\",\"target\":{\"@type\":\"EntryPoint\",\"urlTemplate\":\"https:\/\/www.rabattcorner.ch\/cashback\/?s={search_term_string}\"},\"query-input\":{\"@type\":\"PropertyValueSpecification\",\"valueRequired\":true,\"valueName\":\"search_term_string\"}}],\"inLanguage\":\"de-CH\"}]}<\/script>\n<!-- \/ Yoast SEO plugin. -->","yoast_head_json":{"title":"Cashback in mehr als 600 Onlineshops \u2013 Gewinnspiel Rabattcorner","description":"Erhalte bis zu 25% Cashback bei mehr als 600 Partnershops und profitiere von Gutscheinen und Spezialangeboten \u2013 Geld sparen mit Rabattcorner","robots":{"index":"index","follow":"follow","max-snippet":"max-snippet:-1","max-image-preview":"max-image-preview:large","max-video-preview":"max-video-preview:-1"},"canonical":"https:\/\/www.rabattcorner.ch\/cashback\/cashback-bei-mehr-als-600-onlineshops-gewinnspiel\/","og_locale":"de_DE","og_type":"article","og_title":"Cashback in mehr als 600 Onlineshops \u2013 Gewinnspiel Rabattcorner","og_description":"Erhalte bis zu 25% Cashback bei mehr als 600 Partnershops und profitiere von Gutscheinen und Spezialangeboten \u2013 Geld sparen mit Rabattcorner","og_url":"https:\/\/www.rabattcorner.ch\/cashback\/cashback-bei-mehr-als-600-onlineshops-gewinnspiel\/","og_site_name":"Rabattcorner - Cashback","article_publisher":"https:\/\/www.facebook.com\/rabattcorner","article_modified_time":"2026-02-09T16:52:07+00:00","og_image":[{"width":1920,"height":1080,"url":"https:\/\/www.rabattcorner.ch\/cashback\/wp-content\/uploads\/2021\/04\/contest-rabattcorner-1.jpg","type":"image\/jpeg"}],"twitter_card":"summary_large_image","twitter_site":"@rabattcorner","twitter_misc":{"Gesch\u00e4tzte Lesezeit":"4\u00a0Minuten"},"schema":{"@context":"https:\/\/schema.org","@graph":[{"@type":"WebPage","@id":"https:\/\/www.rabattcorner.ch\/cashback\/cashback-bei-mehr-als-600-onlineshops-gewinnspiel\/","url":"https:\/\/www.rabattcorner.ch\/cashback\/cashback-bei-mehr-als-600-onlineshops-gewinnspiel\/","name":"Cashback in mehr als 600 Onlineshops \u2013 Gewinnspiel Rabattcorner","isPartOf":{"@id":"https:\/\/www.rabattcorner.ch\/cashback\/#website"},"primaryImageOfPage":{"@id":"https:\/\/www.rabattcorner.ch\/cashback\/cashback-bei-mehr-als-600-onlineshops-gewinnspiel\/#primaryimage"},"image":{"@id":"https:\/\/www.rabattcorner.ch\/cashback\/cashback-bei-mehr-als-600-onlineshops-gewinnspiel\/#primaryimage"},"thumbnailUrl":"https:\/\/www.rabattcorner.ch\/cashback\/wp-content\/uploads\/2021\/04\/contest-rabattcorner-1.jpg","datePublished":"2021-04-12T08:48:38+00:00","dateModified":"2026-02-09T16:52:07+00:00","description":"Erhalte bis zu 25% Cashback bei mehr als 600 Partnershops und profitiere von Gutscheinen und Spezialangeboten \u2013 Geld sparen mit Rabattcorner","breadcrumb":{"@id":"https:\/\/www.rabattcorner.ch\/cashback\/cashback-bei-mehr-als-600-onlineshops-gewinnspiel\/#breadcrumb"},"inLanguage":"de-CH","potentialAction":[{"@type":"ReadAction","target":["https:\/\/www.rabattcorner.ch\/cashback\/cashback-bei-mehr-als-600-onlineshops-gewinnspiel\/"]}]},{"@type":"ImageObject","inLanguage":"de-CH","@id":"https:\/\/www.rabattcorner.ch\/cashback\/cashback-bei-mehr-als-600-onlineshops-gewinnspiel\/#primaryimage","url":"https:\/\/www.rabattcorner.ch\/cashback\/wp-content\/uploads\/2021\/04\/contest-rabattcorner-1.jpg","contentUrl":"https:\/\/www.rabattcorner.ch\/cashback\/wp-content\/uploads\/2021\/04\/contest-rabattcorner-1.jpg","width":1920,"height":1080,"caption":"Wettbewerb Rabattcorner"},{"@type":"BreadcrumbList","@id":"https:\/\/www.rabattcorner.ch\/cashback\/cashback-bei-mehr-als-600-onlineshops-gewinnspiel\/#breadcrumb","itemListElement":[{"@type":"ListItem","position":1,"name":"Cashback","item":"https:\/\/www.rabattcorner.ch\/cashback\/"},{"@type":"ListItem","position":2,"name":"600 Cashback-Partner-Gewinnspiel"}]},{"@type":"WebSite","@id":"https:\/\/www.rabattcorner.ch\/cashback\/#website","url":"https:\/\/www.rabattcorner.ch\/cashback\/","name":"Rabattcorner - Cashback","description":"Erhalte Cashback f\u00fcr deine Online-Eink\u00e4ufe","alternateName":"Rabattcorner","potentialAction":[{"@type":"SearchAction","target":{"@type":"EntryPoint","urlTemplate":"https:\/\/www.rabattcorner.ch\/cashback\/?s={search_term_string}"},"query-input":{"@type":"PropertyValueSpecification","valueRequired":true,"valueName":"search_term_string"}}],"inLanguage":"de-CH"}]}},"lang":"de","translations":{"de":3685,"fr":3791},"pll_sync_post":{},"_links":{"self":[{"href":"https:\/\/www.rabattcorner.ch\/cashback\/wp-json\/wp\/v2\/pages\/3685","targetHints":{"allow":["GET"]}}],"collection":[{"href":"https:\/\/www.rabattcorner.ch\/cashback\/wp-json\/wp\/v2\/pages"}],"about":[{"href":"https:\/\/www.rabattcorner.ch\/cashback\/wp-json\/wp\/v2\/types\/page"}],"author":[{"embeddable":true,"href":"https:\/\/www.rabattcorner.ch\/cashback\/wp-json\/wp\/v2\/users\/3"}],"replies":[{"embeddable":true,"href":"https:\/\/www.rabattcorner.ch\/cashback\/wp-json\/wp\/v2\/comments?post=3685"}],"version-history":[{"count":78,"href":"https:\/\/www.rabattcorner.ch\/cashback\/wp-json\/wp\/v2\/pages\/3685\/revisions"}],"predecessor-version":[{"id":5730,"href":"https:\/\/www.rabattcorner.ch\/cashback\/wp-json\/wp\/v2\/pages\/3685\/revisions\/5730"}],"wp:featuredmedia":[{"embeddable":true,"href":"https:\/\/www.rabattcorner.ch\/cashback\/wp-json\/wp\/v2\/media\/3785"}],"wp:attachment":[{"href":"https:\/\/www.rabattcorner.ch\/cashback\/wp-json\/wp\/v2\/media?parent=3685"}],"curies":[{"name":"wp","href":"https:\/\/api.w.org\/{rel}","templated":true}]}}