{"id":3454,"date":"2020-10-23T14:41:58","date_gmt":"2020-10-23T14:41:58","guid":{"rendered":"https:\/\/www.rabattcorner.ch\/cashback\/?page_id=3454"},"modified":"2026-02-03T13:48:19","modified_gmt":"2026-02-03T13:48:19","slug":"directives-de-notre-communaute","status":"publish","type":"page","link":"https:\/\/www.rabattcorner.ch\/cashback\/fr\/directives-de-notre-communaute\/","title":{"rendered":"DIRECTIVES DE NOTRE COMMUNAUT\u00c9"},"content":{"rendered":"\n<p>Nous sommes ravis que tu aies rejoint la communaut\u00e9 de Rabattcorner! Pour que nous puissions rassembler ensemble les meilleures offres et bons plans de Suisse, il est important que nous puissions collaborer de mani\u00e8re amicale. Voici donc quelques directives \u00e0 respecter.<\/p>\n\n\n\n<p>Les contenus suivants sont donc, entre autres, interdits:<\/p>\n\n\n\n<ul class=\"wp-block-list\"><li>Contenu ill\u00e9gal ou non \u00e9thique<\/li><li>Provocations et insultes, langage inappropri\u00e9<\/li><li>Spam<\/li><li>Offres de particuliers<\/li><li>Toute offre servant \u00e0 l&#8217;autopromotion (produits\/sites web, offres avec liens, ench\u00e8res priv\u00e9es ou similaires)<\/li><li>Contributions \u00e0 des logiciels acquis ill\u00e9galement ainsi que violations de droits d&#8217;auteur et de licences<\/li><li>Offres de produits inappropri\u00e9s (produits ill\u00e9gaux, pornographie, etc.)<\/li><li>Les textes copi\u00e9s \u00e0 partir d&#8217;autres sites internet et les images prot\u00e9g\u00e9es par des droits d&#8217;auteur<\/li><\/ul>\n\n\n\n<p><strong>Que se passe-t-il si les directives n&#8217;ont pas \u00e9t\u00e9 respect\u00e9es?<\/strong><\/p>\n\n\n\n<p>Ton offre ou ton commentaire seront supprim\u00e9s. Tu recevras un message automatique t&#8217;en informant. Des violations r\u00e9p\u00e9t\u00e9es des directives peuvent entra\u00eener le blocage de ton compte.<\/p>\n","protected":false},"excerpt":{"rendered":"<p>Nous sommes ravis que tu aies rejoint la communaut\u00e9 de Rabattcorner! Pour que nous puissions rassembler ensemble les meilleures offres et bons plans de Suisse, il est important que nous puissions collaborer de mani\u00e8re amicale. Voici donc quelques directives \u00e0 respecter. Les contenus suivants sont donc, entre autres, interdits: Contenu ill\u00e9gal ou non \u00e9thique Provocations [&hellip;]<\/p>\n","protected":false},"author":3,"featured_media":0,"parent":0,"menu_order":0,"comment_status":"closed","ping_status":"closed","template":"templates\/template-additional.php","meta":{"footnotes":""},"class_list":["post-3454","page","type-page","status-publish","hentry"],"yoast_head":"<!-- This site is optimized with the Yoast SEO plugin v27.1.1 - https:\/\/yoast.com\/product\/yoast-seo-wordpress\/ -->\n<title>Directives de notre communaut\u00e9 \u2013 Rabattcorner<\/title>\n<meta name=\"description\" content=\"Nous sommes ravis que tu aies rejoint la communaut\u00e9 de Rabattcorner! Voici quelques directives \u00e0 respecter afin que nous puissions collaborer tous ensemble.\" \/>\n<meta name=\"robots\" content=\"index, follow, max-snippet:-1, max-image-preview:large, max-video-preview:-1\" \/>\n<link rel=\"canonical\" href=\"https:\/\/www.rabattcorner.ch\/cashback\/fr\/directives-de-notre-communaute\/\" \/>\n<meta property=\"og:locale\" content=\"de_DE\" \/>\n<meta property=\"og:type\" content=\"article\" \/>\n<meta property=\"og:title\" content=\"Directives de notre communaut\u00e9 \u2013 Rabattcorner\" \/>\n<meta property=\"og:description\" content=\"Nous sommes ravis que tu aies rejoint la communaut\u00e9 de Rabattcorner! Voici quelques directives \u00e0 respecter afin que nous puissions collaborer tous ensemble.\" \/>\n<meta property=\"og:url\" content=\"https:\/\/www.rabattcorner.ch\/cashback\/fr\/directives-de-notre-communaute\/\" \/>\n<meta property=\"og:site_name\" content=\"Rabattcorner - Cashback\" \/>\n<meta property=\"article:publisher\" content=\"https:\/\/www.facebook.com\/rabattcorner\" \/>\n<meta property=\"article:modified_time\" content=\"2026-02-03T13:48:19+00:00\" \/>\n<meta property=\"og:image\" content=\"https:\/\/www.rabattcorner.ch\/cashback\/wp-content\/uploads\/2019\/02\/favicon_master.png\" \/>\n\t<meta property=\"og:image:width\" content=\"512\" \/>\n\t<meta property=\"og:image:height\" content=\"512\" \/>\n\t<meta property=\"og:image:type\" content=\"image\/png\" \/>\n<meta name=\"twitter:card\" content=\"summary_large_image\" \/>\n<meta name=\"twitter:site\" content=\"@rabattcorner\" \/>\n<meta name=\"twitter:label1\" content=\"Gesch\u00e4tzte Lesezeit\" \/>\n\t<meta name=\"twitter:data1\" content=\"1\u00a0Minute\" \/>\n<script type=\"application\/ld+json\" class=\"yoast-schema-graph\">{\"@context\":\"https:\/\/schema.org\",\"@graph\":[{\"@type\":\"WebPage\",\"@id\":\"https:\/\/www.rabattcorner.ch\/cashback\/fr\/directives-de-notre-communaute\/\",\"url\":\"https:\/\/www.rabattcorner.ch\/cashback\/fr\/directives-de-notre-communaute\/\",\"name\":\"Directives de notre communaut\u00e9 \u2013 Rabattcorner\",\"isPartOf\":{\"@id\":\"https:\/\/www.rabattcorner.ch\/cashback\/#website\"},\"datePublished\":\"2020-10-23T14:41:58+00:00\",\"dateModified\":\"2026-02-03T13:48:19+00:00\",\"description\":\"Nous sommes ravis que tu aies rejoint la communaut\u00e9 de Rabattcorner! Voici quelques directives \u00e0 respecter afin que nous puissions collaborer tous ensemble.\",\"breadcrumb\":{\"@id\":\"https:\/\/www.rabattcorner.ch\/cashback\/fr\/directives-de-notre-communaute\/#breadcrumb\"},\"inLanguage\":\"de-CH\",\"potentialAction\":[{\"@type\":\"ReadAction\",\"target\":[\"https:\/\/www.rabattcorner.ch\/cashback\/fr\/directives-de-notre-communaute\/\"]}]},{\"@type\":\"BreadcrumbList\",\"@id\":\"https:\/\/www.rabattcorner.ch\/cashback\/fr\/directives-de-notre-communaute\/#breadcrumb\",\"itemListElement\":[{\"@type\":\"ListItem\",\"position\":1,\"name\":\"Cashback\",\"item\":\"https:\/\/www.rabattcorner.ch\/cashback\/\"},{\"@type\":\"ListItem\",\"position\":2,\"name\":\"DIRECTIVES DE NOTRE COMMUNAUT\u00c9\"}]},{\"@type\":\"WebSite\",\"@id\":\"https:\/\/www.rabattcorner.ch\/cashback\/#website\",\"url\":\"https:\/\/www.rabattcorner.ch\/cashback\/\",\"name\":\"Rabattcorner - Cashback\",\"description\":\"Erhalte Cashback f\u00fcr deine Online-Eink\u00e4ufe\",\"alternateName\":\"Rabattcorner\",\"potentialAction\":[{\"@type\":\"SearchAction\",\"target\":{\"@type\":\"EntryPoint\",\"urlTemplate\":\"https:\/\/www.rabattcorner.ch\/cashback\/?s={search_term_string}\"},\"query-input\":{\"@type\":\"PropertyValueSpecification\",\"valueRequired\":true,\"valueName\":\"search_term_string\"}}],\"inLanguage\":\"de-CH\"}]}<\/script>\n<!-- \/ Yoast SEO plugin. -->","yoast_head_json":{"title":"Directives de notre communaut\u00e9 \u2013 Rabattcorner","description":"Nous sommes ravis que tu aies rejoint la communaut\u00e9 de Rabattcorner! Voici quelques directives \u00e0 respecter afin que nous puissions collaborer tous ensemble.","robots":{"index":"index","follow":"follow","max-snippet":"max-snippet:-1","max-image-preview":"max-image-preview:large","max-video-preview":"max-video-preview:-1"},"canonical":"https:\/\/www.rabattcorner.ch\/cashback\/fr\/directives-de-notre-communaute\/","og_locale":"de_DE","og_type":"article","og_title":"Directives de notre communaut\u00e9 \u2013 Rabattcorner","og_description":"Nous sommes ravis que tu aies rejoint la communaut\u00e9 de Rabattcorner! Voici quelques directives \u00e0 respecter afin que nous puissions collaborer tous ensemble.","og_url":"https:\/\/www.rabattcorner.ch\/cashback\/fr\/directives-de-notre-communaute\/","og_site_name":"Rabattcorner - Cashback","article_publisher":"https:\/\/www.facebook.com\/rabattcorner","article_modified_time":"2026-02-03T13:48:19+00:00","og_image":[{"width":512,"height":512,"url":"https:\/\/www.rabattcorner.ch\/cashback\/wp-content\/uploads\/2019\/02\/favicon_master.png","type":"image\/png"}],"twitter_card":"summary_large_image","twitter_site":"@rabattcorner","twitter_misc":{"Gesch\u00e4tzte Lesezeit":"1\u00a0Minute"},"schema":{"@context":"https:\/\/schema.org","@graph":[{"@type":"WebPage","@id":"https:\/\/www.rabattcorner.ch\/cashback\/fr\/directives-de-notre-communaute\/","url":"https:\/\/www.rabattcorner.ch\/cashback\/fr\/directives-de-notre-communaute\/","name":"Directives de notre communaut\u00e9 \u2013 Rabattcorner","isPartOf":{"@id":"https:\/\/www.rabattcorner.ch\/cashback\/#website"},"datePublished":"2020-10-23T14:41:58+00:00","dateModified":"2026-02-03T13:48:19+00:00","description":"Nous sommes ravis que tu aies rejoint la communaut\u00e9 de Rabattcorner! Voici quelques directives \u00e0 respecter afin que nous puissions collaborer tous ensemble.","breadcrumb":{"@id":"https:\/\/www.rabattcorner.ch\/cashback\/fr\/directives-de-notre-communaute\/#breadcrumb"},"inLanguage":"de-CH","potentialAction":[{"@type":"ReadAction","target":["https:\/\/www.rabattcorner.ch\/cashback\/fr\/directives-de-notre-communaute\/"]}]},{"@type":"BreadcrumbList","@id":"https:\/\/www.rabattcorner.ch\/cashback\/fr\/directives-de-notre-communaute\/#breadcrumb","itemListElement":[{"@type":"ListItem","position":1,"name":"Cashback","item":"https:\/\/www.rabattcorner.ch\/cashback\/"},{"@type":"ListItem","position":2,"name":"DIRECTIVES DE NOTRE COMMUNAUT\u00c9"}]},{"@type":"WebSite","@id":"https:\/\/www.rabattcorner.ch\/cashback\/#website","url":"https:\/\/www.rabattcorner.ch\/cashback\/","name":"Rabattcorner - Cashback","description":"Erhalte Cashback f\u00fcr deine Online-Eink\u00e4ufe","alternateName":"Rabattcorner","potentialAction":[{"@type":"SearchAction","target":{"@type":"EntryPoint","urlTemplate":"https:\/\/www.rabattcorner.ch\/cashback\/?s={search_term_string}"},"query-input":{"@type":"PropertyValueSpecification","valueRequired":true,"valueName":"search_term_string"}}],"inLanguage":"de-CH"}]}},"lang":"fr","translations":{"fr":3454,"de":3447,"en":7198},"pll_sync_post":[],"_links":{"self":[{"href":"https:\/\/www.rabattcorner.ch\/cashback\/wp-json\/wp\/v2\/pages\/3454","targetHints":{"allow":["GET"]}}],"collection":[{"href":"https:\/\/www.rabattcorner.ch\/cashback\/wp-json\/wp\/v2\/pages"}],"about":[{"href":"https:\/\/www.rabattcorner.ch\/cashback\/wp-json\/wp\/v2\/types\/page"}],"author":[{"embeddable":true,"href":"https:\/\/www.rabattcorner.ch\/cashback\/wp-json\/wp\/v2\/users\/3"}],"replies":[{"embeddable":true,"href":"https:\/\/www.rabattcorner.ch\/cashback\/wp-json\/wp\/v2\/comments?post=3454"}],"version-history":[{"count":2,"href":"https:\/\/www.rabattcorner.ch\/cashback\/wp-json\/wp\/v2\/pages\/3454\/revisions"}],"predecessor-version":[{"id":3470,"href":"https:\/\/www.rabattcorner.ch\/cashback\/wp-json\/wp\/v2\/pages\/3454\/revisions\/3470"}],"wp:attachment":[{"href":"https:\/\/www.rabattcorner.ch\/cashback\/wp-json\/wp\/v2\/media?parent=3454"}],"curies":[{"name":"wp","href":"https:\/\/api.w.org\/{rel}","templated":true}]}}