{"id":3191,"date":"2020-06-05T10:43:26","date_gmt":"2020-06-05T10:43:26","guid":{"rendered":"https:\/\/www.rabattcorner.ch\/cashback\/?page_id=3191"},"modified":"2026-02-09T13:08:57","modified_gmt":"2026-02-09T13:08:57","slug":"tricks-beim-online-shopping","status":"publish","type":"page","link":"https:\/\/www.rabattcorner.ch\/cashback\/tricks-beim-online-shopping\/","title":{"rendered":"Tricks beim Online Shopping"},"content":{"rendered":"\n<h2 class=\"wp-block-heading\">Stelle sicher, dass du diesen Trick befolgst um f\u00fcr deine Online-Eink\u00e4ufe bei MediaMarkt, AliExpress oder Booking.com Bargeld zur\u00fcckzuerhalten. <\/h2>\n\n\n\n<figure class=\"wp-block-image\"><img decoding=\"async\" src=\"https:\/\/www.rabattcorner.ch\/cashback\/wp-content\/uploads\/2020\/06\/valentina-blog-1024x576.jpg\" alt=\"\"\/><\/figure>\n\n\n\n<p>Wenn du diesen Spar-Trick noch nicht kennst, verpasst du etwas! Heute nutzen ihn\u00a0 bereits\u00a0<strong>mehr als 132\u2019000 Schweizerinnen und Schweizer<\/strong>, um Geld bei ihren Online-Eink\u00e4ufen zur\u00fcckzubekommen. Die Idee kommt direkt aus den Vereinigten Staaten und ist dort bereits sehr beliebt. Dieser Trick nennt sich Cashback!\u00a0<\/p>\n\n\n\n<p>Was genau ist Cashback? Cashback ist ein Geldbetrag, den du bei deinen Online-Eink\u00e4ufen zur\u00fcck erh\u00e4ltst. Viele Online-Shops erm\u00f6glichen dir das Sammeln von Cashback, um wettbewerbsf\u00e4higer zu sein und Besucher auf ihre Webseite zu locken. In der Schweiz kannst du zum Beispiel bei Manor, MediaMarkt, Booking.com und sogar AliExpress Cashback f\u00fcr deine Eink\u00e4ufe erhalten! Wie kommt es, dass du trotzdem noch nichts von Cashback wusstest oder in den Online-Shops nichts dazu gesehen hast? Darum: In der Schweiz gibt es nur eine Plattform, auf der du bei deinen Eink\u00e4ufen Bargeld zur\u00fcckerhalten kannst. Diese Plattform wird Rabattcorner genannt.<\/p>\n\n\n\n<p>Rabattcorner wurde 2014 gegr\u00fcndet und hat seither mehr als\u00a0<strong>4.6 Millionen Franken<\/strong>\u00a0an seine rund 132&#8217;000 Benutzer zur\u00fcckerstattet. Klingt das zu sch\u00f6n um wahr zu sein? Keine Sorge, das Ganze funktioniert genauso einfach und unkompliziert, wie es scheint! Wenn du einen Kauf \u00fcber die Rabattcorner-Plattform t\u00e4tigst, erh\u00e4lt Rabattcorner eine Provision von dem Shop, in dem du eingekauft hast. Die Plattform teilt dann diese Provision in Form von Cashback mit dir.<\/p>\n\n\n\n<h3 class=\"wp-block-heading\">Wie viel kann ich verdienen?<\/h3>\n\n\n\n<p>Wie viel bedeutet das konkret? Auf der Plattform kannst du mit nur einem Einkauf bis zu 25% Cashback verdienen. Der jeweilige Cashback Betrag ist von den Shops abh\u00e4ngig und variiert deshalb von Shop zu Shop. Bei Zalando Lounge kannst du zum Beispiel bis zu 6% Cashback verdienen, bei Ebookers 4% auf deine Hotelbuchungen und bei Sunrise erh\u00e4ltst du CHF 40.- Cashback, wenn du ein Vertrag f\u00fcr eines ihrer Internet Abos abschliesst.<\/p>\n\n\n\n<p>Auch wenn dir diese Betr\u00e4ge auf den ersten Blick nicht nach viel erscheinen, kann sich das sehr schnell f\u00fcr dich lohnen.<\/p>\n\n\n\n<p>Stell dir vor, du buchst deinen Urlaub f\u00fcr 2\u2019000 Franken mit der Hotelcard, wof\u00fcr du 20% Cashback erh\u00e4ltst. Du hast schon 400 Franken gesammelt. Dann kaufst du bei ABOUT YOU f\u00fcr 300 Franken ein und erh\u00e4ltst dank den 8% Cashback 24 Franken zur\u00fcck. Wenn du dann noch zum ersten Mal etwas bei Farmy bestellst, gibts 10 Franken Cashback f\u00fcr dich.&nbsp;<strong>Nach nur 3 Eink\u00e4ufen hast du bereits 435 Franken gesammelt<\/strong>. Bist du immer noch nicht \u00fcberzeugt? Hier ist ein Testimonial von einem Rabattcorner-Nutzer, der bei keinem Online-Kauf die Gelegenheit vers\u00e4umt, seinen Cashback zu aktivieren:&nbsp;<em>\u201cIch bestelle regelm\u00e4ssig online und jeden Monat bekomme ich durchschnittlich 200 Franken zur\u00fcck\u201d<\/em>, erkl\u00e4rt Ben, ein Benutzer von Rabattcorner.&nbsp;<\/p>\n\n\n<div class=\"wp-block-image\">\n<figure class=\"aligncenter\"><img loading=\"lazy\" decoding=\"async\" width=\"500\" height=\"508\" src=\"https:\/\/www.rabattcorner.ch\/cashback\/wp-content\/uploads\/2020\/06\/ben-temoignage-rabattcorner.jpg\" alt=\"\" class=\"wp-image-3181\" srcset=\"https:\/\/www.rabattcorner.ch\/cashback\/wp-content\/uploads\/2020\/06\/ben-temoignage-rabattcorner.jpg 500w, https:\/\/www.rabattcorner.ch\/cashback\/wp-content\/uploads\/2020\/06\/ben-temoignage-rabattcorner-295x300.jpg 295w\" sizes=\"auto, (max-width: 500px) 100vw, 500px\" \/><\/figure>\n<\/div>\n\n\n<p>Inzwischen f\u00fchrt die Cashback-Plattform t\u00e4glich \u00dcberweisungen durch, um ihren Nutzern ihre Eink\u00e4ufe zu erstatten.&nbsp;<\/p>\n\n\n\n<p>Bist du immer noch nicht \u00fcberzeugt? Rabattcorner ist absolut kostenlos. Du kannst die Plattform jederzeit testen, ohne einen Rappen auszugeben! Die Erstellung eines Kontos und dessen Nutzung ist f\u00fcr die Benutzer 100% gratis, da die Plattform durch die Provisionen finanziert wird, die sie von ihren \u00fcber 825 Partnershops erh\u00e4lt.\u00a0<\/p>\n\n\n\n<p>Nachdem du dich registriert hast, brauchst du nur noch \u00fcber Rabattcorner in die Shops deiner Wahl zu gehen und kannst wie gewohnt deine Bestellung aufgeben. Die Plattform erfasst dann den Betrag deiner Bestellung, um den f\u00e4lligen Cashback-Betrag zu berechnen. Sobald du 20 Franken Cashback gesammelt hast, kannst du die Auszahlung deines Guthabens auf dein Bankkonto oder PayPal beantragen. Und so funktioniert es:<\/p>\n\n\n\n<figure class=\"wp-block-embed is-type-video is-provider-vimeo wp-block-embed-vimeo wp-embed-aspect-16-9 wp-has-aspect-ratio\"><div class=\"wp-block-embed__wrapper\">\n<iframe loading=\"lazy\" title=\"Wie verdiene ich Cashback mit Rabattcorner?\" src=\"https:\/\/player.vimeo.com\/video\/707860800?dnt=1&amp;app_id=122963\" width=\"500\" height=\"281\" frameborder=\"0\" allow=\"autoplay; fullscreen; picture-in-picture; clipboard-write; encrypted-media; web-share\" referrerpolicy=\"strict-origin-when-cross-origin\"><\/iframe>\n<\/div><\/figure>\n\n\n\n<h3 class=\"wp-block-heading\">Was muss ich bei meinen Eink\u00e4ufen beachten?<\/h3>\n\n\n\n<p>Die Aktivierung deines Cashbacks ist nur einen Klick entfernt. Es gibt jedoch einige technische Voraussetzungen, die erf\u00fcllt sein m\u00fcssen, damit deine Transaktion von der Plattform registriert werden kann:<\/p>\n\n\n\n<ul class=\"wp-block-list\">\n<li>\u00d6ffne keine anderen Webseiten, bevor du deinen Einkauf abgeschlossen hast<\/li>\n\n\n\n<li>Verwende keine Gutscheincodes, die nicht auf der Plattform ersichtlich sind (einige Gesch\u00e4fte verweigern den Nutzern die Kombination von Cashback und Gutscheinen)<\/li>\n\n\n\n<li>Deinstalliere alle Adblocker, die das Tracking verhindern<\/li>\n\n\n\n<li>Verwende keine Browsererweiterungen wie zum Beispiel Honey<\/li>\n\n\n\n<li>Akzeptiere alle Cookies<\/li>\n\n\n\n<li>Bestelle nicht \u00fcber die App des Partnershops, sondern \u00fcber die Rabattcorner App<\/li>\n<\/ul>\n\n\n\n<p>Nach deiner Bestellung schickt dir Rabattcorner innerhalb von 24 Stunden eine Best\u00e4tigung per E-Mail und zeigt in deinem Benutzerkonto den Betrag der Bestellung und den entsprechenden Cashback an. Der Shop best\u00e4tigt dann den Cashback. Der Zeitraum bis zur Best\u00e4tigung ist von Zahlungs-, R\u00fcckgabe- und Stornobedingungen abh\u00e4ngig und kann eine Zeit dauern. Andernfalls w\u00e4re es m\u00f6glich, f\u00fcr nicht abgeschlossene Eink\u00e4ufe oder Reisen, die du nicht unternommen hast, Geld zur\u00fcckzuerhalten.<\/p>\n\n\n\n<h3 class=\"wp-block-heading\">Was geschieht mit meinen pers\u00f6nlichen Daten?<\/h3>\n\n\n\n<p>Fragst du dich, ob deine pers\u00f6nlichen Daten und deine Bankdaten bei uns sicher sind? Ja, Rabattcorner ben\u00f6tigt deine pers\u00f6nlichen Daten wie deine E-Mail-Adresse und IBAN, um dir die Nutzung der Plattform zu erm\u00f6glichen. Die Plattform hat strenge&nbsp;<a href=\"https:\/\/www.rabattcorner.ch\/cashback\/de\/datenschutzerklaerung-rabattcorner-ag\/\">Datenschutzrichtlinien<\/a>&nbsp;und gibt deine pers\u00f6nlichen Daten unter keinen Umst\u00e4nden an Dritte weiter. Diese Daten werden nur verwendet, um dir E-Mails zur Verfolgung von Transaktionen zu senden, um dich \u00fcber den Status deiner Transaktionen zu informieren und um dir deinen Cashback in Form einer Bank\u00fcberweisung auszuzahlen.&nbsp;<\/p>\n\n\n\n<h3 class=\"wp-block-heading\">Cashback und mehr!<\/h3>\n\n\n\n<p>Rabattcorner hat es sich zur Aufgabe gemacht, dir neben der R\u00fcckerstattung von Bargeld auch die besten Angebote zusammen zu suchen, damit du bei deinen Online-Bestellungen erheblich sparen kannst. Die Mitarbeiter der Plattform sp\u00fcren die besten Gutscheine und Sonderangebote f\u00fcr dich auf, so dass du bei jedem Einkauf etwas weniger Geld ausgeben musst.  Auch an Anl\u00e4ssen wie Weihnachten oder Valentinstag oder w\u00e4hrend spezieller Aktionen wie Sommer Sales oder am <a href=\"https:\/\/www.rabattcorner.ch\/blackfriday\/\">Black Friday<\/a> findest du auf Rabattcorner die besten Deals, so dass du weniger Geld ausgeben musst und gleichzeitig noch Cashback erh\u00e4ltst. <\/p>\n","protected":false},"excerpt":{"rendered":"<p>Stelle sicher, dass du diesen Trick befolgst um f\u00fcr deine Online-Eink\u00e4ufe bei MediaMarkt, AliExpress oder Booking.com Bargeld zur\u00fcckzuerhalten. Wenn du diesen Spar-Trick noch nicht kennst, verpasst du etwas! Heute nutzen ihn\u00a0 bereits\u00a0mehr als 132\u2019000 Schweizerinnen und Schweizer, um Geld bei ihren Online-Eink\u00e4ufen zur\u00fcckzubekommen. Die Idee kommt direkt aus den Vereinigten Staaten und ist dort bereits [&hellip;]<\/p>\n","protected":false},"author":3,"featured_media":2612,"parent":0,"menu_order":0,"comment_status":"closed","ping_status":"closed","template":"templates\/template-additional.php","meta":{"footnotes":""},"class_list":["post-3191","page","type-page","status-publish","has-post-thumbnail","hentry"],"yoast_head":"<!-- This site is optimized with the Yoast SEO plugin v27.1.1 - https:\/\/yoast.com\/product\/yoast-seo-wordpress\/ -->\n<title>Tricks beim Online Shopping - Cashback mit Rabattcorner<\/title>\n<meta name=\"description\" content=\"Erhalte jetzt in \u00fcber 790 Online Shops Geld zur\u00fcck \u2013\u00a0Sammle Cashback via Rabattcorner \u2013 so macht Online Shopping Spass!\" \/>\n<meta name=\"robots\" content=\"index, follow, max-snippet:-1, max-image-preview:large, max-video-preview:-1\" \/>\n<link rel=\"canonical\" href=\"https:\/\/www.rabattcorner.ch\/cashback\/tricks-beim-online-shopping\/\" \/>\n<meta property=\"og:locale\" content=\"de_DE\" \/>\n<meta property=\"og:type\" content=\"article\" \/>\n<meta property=\"og:title\" content=\"Tricks beim Online Shopping - Cashback mit Rabattcorner\" \/>\n<meta property=\"og:description\" content=\"Erhalte jetzt in \u00fcber 790 Online Shops Geld zur\u00fcck \u2013\u00a0Sammle Cashback via Rabattcorner \u2013 so macht Online Shopping Spass!\" \/>\n<meta property=\"og:url\" content=\"https:\/\/www.rabattcorner.ch\/cashback\/tricks-beim-online-shopping\/\" \/>\n<meta property=\"og:site_name\" content=\"Rabattcorner - Cashback\" \/>\n<meta property=\"article:publisher\" content=\"https:\/\/www.facebook.com\/rabattcorner\" \/>\n<meta property=\"article:modified_time\" content=\"2026-02-09T13:08:57+00:00\" \/>\n<meta property=\"og:image\" content=\"https:\/\/www.rabattcorner.ch\/cashback\/wp-content\/uploads\/2020\/01\/du-cash-a-la-place-de-miles.jpg\" \/>\n\t<meta property=\"og:image:width\" content=\"1254\" \/>\n\t<meta property=\"og:image:height\" content=\"837\" \/>\n\t<meta property=\"og:image:type\" content=\"image\/jpeg\" \/>\n<meta name=\"twitter:card\" content=\"summary_large_image\" \/>\n<meta name=\"twitter:site\" content=\"@rabattcorner\" \/>\n<meta name=\"twitter:label1\" content=\"Gesch\u00e4tzte Lesezeit\" \/>\n\t<meta name=\"twitter:data1\" content=\"5\u00a0Minuten\" \/>\n<script type=\"application\/ld+json\" class=\"yoast-schema-graph\">{\"@context\":\"https:\/\/schema.org\",\"@graph\":[{\"@type\":\"WebPage\",\"@id\":\"https:\/\/www.rabattcorner.ch\/cashback\/tricks-beim-online-shopping\/\",\"url\":\"https:\/\/www.rabattcorner.ch\/cashback\/tricks-beim-online-shopping\/\",\"name\":\"Tricks beim Online Shopping - Cashback mit Rabattcorner\",\"isPartOf\":{\"@id\":\"https:\/\/www.rabattcorner.ch\/cashback\/#website\"},\"primaryImageOfPage\":{\"@id\":\"https:\/\/www.rabattcorner.ch\/cashback\/tricks-beim-online-shopping\/#primaryimage\"},\"image\":{\"@id\":\"https:\/\/www.rabattcorner.ch\/cashback\/tricks-beim-online-shopping\/#primaryimage\"},\"thumbnailUrl\":\"https:\/\/www.rabattcorner.ch\/cashback\/wp-content\/uploads\/2020\/01\/du-cash-a-la-place-de-miles.jpg\",\"datePublished\":\"2020-06-05T10:43:26+00:00\",\"dateModified\":\"2026-02-09T13:08:57+00:00\",\"description\":\"Erhalte jetzt in \u00fcber 790 Online Shops Geld zur\u00fcck \u2013\u00a0Sammle Cashback via Rabattcorner \u2013 so macht Online Shopping Spass!\",\"breadcrumb\":{\"@id\":\"https:\/\/www.rabattcorner.ch\/cashback\/tricks-beim-online-shopping\/#breadcrumb\"},\"inLanguage\":\"de-CH\",\"potentialAction\":[{\"@type\":\"ReadAction\",\"target\":[\"https:\/\/www.rabattcorner.ch\/cashback\/tricks-beim-online-shopping\/\"]}]},{\"@type\":\"ImageObject\",\"inLanguage\":\"de-CH\",\"@id\":\"https:\/\/www.rabattcorner.ch\/cashback\/tricks-beim-online-shopping\/#primaryimage\",\"url\":\"https:\/\/www.rabattcorner.ch\/cashback\/wp-content\/uploads\/2020\/01\/du-cash-a-la-place-de-miles.jpg\",\"contentUrl\":\"https:\/\/www.rabattcorner.ch\/cashback\/wp-content\/uploads\/2020\/01\/du-cash-a-la-place-de-miles.jpg\",\"width\":1254,\"height\":837,\"caption\":\"Du cash au lieu de Miles\"},{\"@type\":\"BreadcrumbList\",\"@id\":\"https:\/\/www.rabattcorner.ch\/cashback\/tricks-beim-online-shopping\/#breadcrumb\",\"itemListElement\":[{\"@type\":\"ListItem\",\"position\":1,\"name\":\"Cashback\",\"item\":\"https:\/\/www.rabattcorner.ch\/cashback\/\"},{\"@type\":\"ListItem\",\"position\":2,\"name\":\"Tricks beim Online Shopping\"}]},{\"@type\":\"WebSite\",\"@id\":\"https:\/\/www.rabattcorner.ch\/cashback\/#website\",\"url\":\"https:\/\/www.rabattcorner.ch\/cashback\/\",\"name\":\"Rabattcorner - Cashback\",\"description\":\"Erhalte Cashback f\u00fcr deine Online-Eink\u00e4ufe\",\"alternateName\":\"Rabattcorner\",\"potentialAction\":[{\"@type\":\"SearchAction\",\"target\":{\"@type\":\"EntryPoint\",\"urlTemplate\":\"https:\/\/www.rabattcorner.ch\/cashback\/?s={search_term_string}\"},\"query-input\":{\"@type\":\"PropertyValueSpecification\",\"valueRequired\":true,\"valueName\":\"search_term_string\"}}],\"inLanguage\":\"de-CH\"}]}<\/script>\n<!-- \/ Yoast SEO plugin. -->","yoast_head_json":{"title":"Tricks beim Online Shopping - Cashback mit Rabattcorner","description":"Erhalte jetzt in \u00fcber 790 Online Shops Geld zur\u00fcck \u2013\u00a0Sammle Cashback via Rabattcorner \u2013 so macht Online Shopping Spass!","robots":{"index":"index","follow":"follow","max-snippet":"max-snippet:-1","max-image-preview":"max-image-preview:large","max-video-preview":"max-video-preview:-1"},"canonical":"https:\/\/www.rabattcorner.ch\/cashback\/tricks-beim-online-shopping\/","og_locale":"de_DE","og_type":"article","og_title":"Tricks beim Online Shopping - Cashback mit Rabattcorner","og_description":"Erhalte jetzt in \u00fcber 790 Online Shops Geld zur\u00fcck \u2013\u00a0Sammle Cashback via Rabattcorner \u2013 so macht Online Shopping Spass!","og_url":"https:\/\/www.rabattcorner.ch\/cashback\/tricks-beim-online-shopping\/","og_site_name":"Rabattcorner - Cashback","article_publisher":"https:\/\/www.facebook.com\/rabattcorner","article_modified_time":"2026-02-09T13:08:57+00:00","og_image":[{"width":1254,"height":837,"url":"https:\/\/www.rabattcorner.ch\/cashback\/wp-content\/uploads\/2020\/01\/du-cash-a-la-place-de-miles.jpg","type":"image\/jpeg"}],"twitter_card":"summary_large_image","twitter_site":"@rabattcorner","twitter_misc":{"Gesch\u00e4tzte Lesezeit":"5\u00a0Minuten"},"schema":{"@context":"https:\/\/schema.org","@graph":[{"@type":"WebPage","@id":"https:\/\/www.rabattcorner.ch\/cashback\/tricks-beim-online-shopping\/","url":"https:\/\/www.rabattcorner.ch\/cashback\/tricks-beim-online-shopping\/","name":"Tricks beim Online Shopping - Cashback mit Rabattcorner","isPartOf":{"@id":"https:\/\/www.rabattcorner.ch\/cashback\/#website"},"primaryImageOfPage":{"@id":"https:\/\/www.rabattcorner.ch\/cashback\/tricks-beim-online-shopping\/#primaryimage"},"image":{"@id":"https:\/\/www.rabattcorner.ch\/cashback\/tricks-beim-online-shopping\/#primaryimage"},"thumbnailUrl":"https:\/\/www.rabattcorner.ch\/cashback\/wp-content\/uploads\/2020\/01\/du-cash-a-la-place-de-miles.jpg","datePublished":"2020-06-05T10:43:26+00:00","dateModified":"2026-02-09T13:08:57+00:00","description":"Erhalte jetzt in \u00fcber 790 Online Shops Geld zur\u00fcck \u2013\u00a0Sammle Cashback via Rabattcorner \u2013 so macht Online Shopping Spass!","breadcrumb":{"@id":"https:\/\/www.rabattcorner.ch\/cashback\/tricks-beim-online-shopping\/#breadcrumb"},"inLanguage":"de-CH","potentialAction":[{"@type":"ReadAction","target":["https:\/\/www.rabattcorner.ch\/cashback\/tricks-beim-online-shopping\/"]}]},{"@type":"ImageObject","inLanguage":"de-CH","@id":"https:\/\/www.rabattcorner.ch\/cashback\/tricks-beim-online-shopping\/#primaryimage","url":"https:\/\/www.rabattcorner.ch\/cashback\/wp-content\/uploads\/2020\/01\/du-cash-a-la-place-de-miles.jpg","contentUrl":"https:\/\/www.rabattcorner.ch\/cashback\/wp-content\/uploads\/2020\/01\/du-cash-a-la-place-de-miles.jpg","width":1254,"height":837,"caption":"Du cash au lieu de Miles"},{"@type":"BreadcrumbList","@id":"https:\/\/www.rabattcorner.ch\/cashback\/tricks-beim-online-shopping\/#breadcrumb","itemListElement":[{"@type":"ListItem","position":1,"name":"Cashback","item":"https:\/\/www.rabattcorner.ch\/cashback\/"},{"@type":"ListItem","position":2,"name":"Tricks beim Online Shopping"}]},{"@type":"WebSite","@id":"https:\/\/www.rabattcorner.ch\/cashback\/#website","url":"https:\/\/www.rabattcorner.ch\/cashback\/","name":"Rabattcorner - Cashback","description":"Erhalte Cashback f\u00fcr deine Online-Eink\u00e4ufe","alternateName":"Rabattcorner","potentialAction":[{"@type":"SearchAction","target":{"@type":"EntryPoint","urlTemplate":"https:\/\/www.rabattcorner.ch\/cashback\/?s={search_term_string}"},"query-input":{"@type":"PropertyValueSpecification","valueRequired":true,"valueName":"search_term_string"}}],"inLanguage":"de-CH"}]}},"lang":"de","translations":{"de":3191,"fr":3146},"pll_sync_post":{},"_links":{"self":[{"href":"https:\/\/www.rabattcorner.ch\/cashback\/wp-json\/wp\/v2\/pages\/3191","targetHints":{"allow":["GET"]}}],"collection":[{"href":"https:\/\/www.rabattcorner.ch\/cashback\/wp-json\/wp\/v2\/pages"}],"about":[{"href":"https:\/\/www.rabattcorner.ch\/cashback\/wp-json\/wp\/v2\/types\/page"}],"author":[{"embeddable":true,"href":"https:\/\/www.rabattcorner.ch\/cashback\/wp-json\/wp\/v2\/users\/3"}],"replies":[{"embeddable":true,"href":"https:\/\/www.rabattcorner.ch\/cashback\/wp-json\/wp\/v2\/comments?post=3191"}],"version-history":[{"count":13,"href":"https:\/\/www.rabattcorner.ch\/cashback\/wp-json\/wp\/v2\/pages\/3191\/revisions"}],"predecessor-version":[{"id":7159,"href":"https:\/\/www.rabattcorner.ch\/cashback\/wp-json\/wp\/v2\/pages\/3191\/revisions\/7159"}],"wp:featuredmedia":[{"embeddable":true,"href":"https:\/\/www.rabattcorner.ch\/cashback\/wp-json\/wp\/v2\/media\/2612"}],"wp:attachment":[{"href":"https:\/\/www.rabattcorner.ch\/cashback\/wp-json\/wp\/v2\/media?parent=3191"}],"curies":[{"name":"wp","href":"https:\/\/api.w.org\/{rel}","templated":true}]}}